{"id":70,"date":"2023-09-22T11:26:52","date_gmt":"2023-09-22T14:26:52","guid":{"rendered":"https:\/\/weradiology.com\/index.php\/about\/"},"modified":"2025-01-30T09:58:05","modified_gmt":"2025-01-30T12:58:05","slug":"soluciones-para-hospitales-o-clinicas","status":"publish","type":"page","link":"https:\/\/weradiology.com\/index.php\/soluciones-para-hospitales-o-clinicas\/","title":{"rendered":"Hospital o cl\u00ednica"},"content":{"rendered":"\t\t<div data-elementor-type=\"wp-page\" data-elementor-id=\"70\" class=\"elementor elementor-70\" data-elementor-post-type=\"page\">\n\t\t\t\t<div class=\"elementor-element elementor-element-6ff244f elementor-hidden-mobile e-flex e-con-boxed e-con e-parent\" data-id=\"6ff244f\" data-element_type=\"container\">\n\t\t\t\t\t<div class=\"e-con-inner\">\n\t\t\t\t<div class=\"elementor-element elementor-element-ddc9a73 elementor-widget-divider--view-line elementor-widget elementor-widget-divider\" data-id=\"ddc9a73\" data-element_type=\"widget\" data-widget_type=\"divider.default\">\n\t\t\t\t<div class=\"elementor-widget-container\">\n\t\t\t\t\t\t\t<div class=\"elementor-divider\">\n\t\t\t<span class=\"elementor-divider-separator\">\n\t\t\t\t\t\t<\/span>\n\t\t<\/div>\n\t\t\t\t\t\t<\/div>\n\t\t\t\t<\/div>\n\t\t\t\t\t<\/div>\n\t\t\t\t<\/div>\n\t\t<div class=\"elementor-element elementor-element-376a3de elementor-hidden-tablet elementor-hidden-mobile e-flex e-con-boxed e-con e-parent\" data-id=\"376a3de\" data-element_type=\"container\">\n\t\t\t\t\t<div class=\"e-con-inner\">\n\t\t<div class=\"elementor-element elementor-element-9313437 e-con-full e-flex e-con e-child\" data-id=\"9313437\" data-element_type=\"container\">\n\t\t\t\t<div class=\"elementor-element elementor-element-3e2044e elementor-widget elementor-widget-heading\" data-id=\"3e2044e\" data-element_type=\"widget\" data-widget_type=\"heading.default\">\n\t\t\t\t<div class=\"elementor-widget-container\">\n\t\t\t\t\t<h2 class=\"elementor-heading-title elementor-size-default\">Hospital o cl\u00ednica<\/h2>\t\t\t\t<\/div>\n\t\t\t\t<\/div>\n\t\t\t\t<div class=\"elementor-element elementor-element-a67847e elementor-widget elementor-widget-text-editor\" data-id=\"a67847e\" data-element_type=\"widget\" data-widget_type=\"text-editor.default\">\n\t\t\t\t<div class=\"elementor-widget-container\">\n\t\t\t\t\t\t\t\t\t<p>La opci\u00f3n para acceder a los mejores especialistas en diagn\u00f3stico por im\u00e1genes, para los pacientes de su Hospital o Cl\u00ednica.<\/p>\t\t\t\t\t\t\t\t<\/div>\n\t\t\t\t<\/div>\n\t\t\t\t<div class=\"elementor-element elementor-element-70e0c21 elementor-hidden-tablet elementor-hidden-mobile elementor-widget elementor-widget-text-editor\" data-id=\"70e0c21\" data-element_type=\"widget\" data-widget_type=\"text-editor.default\">\n\t\t\t\t<div class=\"elementor-widget-container\">\n\t\t\t\t\t\t\t\t\t<h5 style=\"font-family: Poppins, sans-serif; color: #4fb8ff; font-size: 1.25em;\">1. Ingrese a <a href=\"https:\/\/weradiology.com\">www.weradiology.com<\/a><\/h5>\n<h5 style=\"font-family: Poppins, sans-serif; color: #585858; font-size: 1.15em; font-weight: 400;\">Elija entre los m\u00e1s prestigiosos especialistas en Diagn\u00f3stico por im\u00e1genes de su pa\u00eds.<\/h5>\n<h5 style=\"font-family: Poppins, sans-serif; color: #4fb8ff; font-size: 1.25em;\">2. Seleccionar y enviar los estudios<\/h5>\n<h5 style=\"font-family: Poppins, sans-serif; color: #585858; font-size: 1.15em; font-weight: 400;\">Env\u00ede estudios seleccionados de una forma sencilla y r\u00e1pida directamente desde su instituci\u00f3n y elija qu\u00e9 m\u00e9dico puede ver y reportar los estudios.<\/h5>\n<h5 style=\"font-family: Poppins, sans-serif; color: #4fb8ff; font-size: 1.25em; background-color: var(--e-global-color-c696dce);\">3. Los mejores profesionales a su disposici\u00f3n<\/h5>\n<h5 style=\"font-family: Poppins, sans-serif; color: #585858; font-size: 1.15em; font-weight: 400;\">Obtenga reportes de profesionales altamente calificados y con referencias. Un especialista de 1 nivel para cada tipo de estudios de sus pacientes.<\/h5>\t\t\t\t\t\t\t\t<\/div>\n\t\t\t\t<\/div>\n\t\t\t\t<\/div>\n\t\t<div class=\"elementor-element elementor-element-91c3e46 e-con-full e-flex e-con e-child\" data-id=\"91c3e46\" data-element_type=\"container\">\n\t\t\t\t<div class=\"elementor-element elementor-element-aded79f elementor-widget elementor-widget-image\" data-id=\"aded79f\" data-element_type=\"widget\" data-widget_type=\"image.default\">\n\t\t\t\t<div class=\"elementor-widget-container\">\n\t\t\t\t\t\t\t\t\t\t\t\t\t\t\t<img fetchpriority=\"high\" decoding=\"async\" width=\"800\" height=\"521\" src=\"https:\/\/weradiology.com\/wp-content\/uploads\/2024\/09\/Clip-path-group-1.png\" class=\"attachment-large size-large wp-image-1765\" alt=\"\" srcset=\"https:\/\/weradiology.com\/wp-content\/uploads\/2024\/09\/Clip-path-group-1.png 840w, https:\/\/weradiology.com\/wp-content\/uploads\/2024\/09\/Clip-path-group-1-300x195.png 300w, https:\/\/weradiology.com\/wp-content\/uploads\/2024\/09\/Clip-path-group-1-768x500.png 768w\" sizes=\"(max-width: 800px) 100vw, 800px\" \/>\t\t\t\t\t\t\t\t\t\t\t\t\t\t\t<\/div>\n\t\t\t\t<\/div>\n\t\t\t\t<\/div>\n\t\t\t\t\t<\/div>\n\t\t\t\t<\/div>\n\t\t<div class=\"elementor-element elementor-element-816ba22 e-flex e-con-boxed e-con e-parent\" data-id=\"816ba22\" data-element_type=\"container\">\n\t\t\t\t\t<div class=\"e-con-inner\">\n\t\t\t\t<div class=\"elementor-element elementor-element-4f7c4d3 elementor-hidden-tablet elementor-hidden-mobile elementor-widget-divider--view-line elementor-widget elementor-widget-divider\" data-id=\"4f7c4d3\" data-element_type=\"widget\" data-widget_type=\"divider.default\">\n\t\t\t\t<div class=\"elementor-widget-container\">\n\t\t\t\t\t\t\t<div class=\"elementor-divider\">\n\t\t\t<span class=\"elementor-divider-separator\">\n\t\t\t\t\t\t<\/span>\n\t\t<\/div>\n\t\t\t\t\t\t<\/div>\n\t\t\t\t<\/div>\n\t\t\t\t\t<\/div>\n\t\t\t\t<\/div>\n\t\t<div class=\"elementor-element elementor-element-7067d9e e-con-full elementor-hidden-desktop e-flex e-con e-parent\" data-id=\"7067d9e\" data-element_type=\"container\">\n\t\t<div class=\"elementor-element elementor-element-bae6252 e-con-full e-flex e-con e-child\" data-id=\"bae6252\" data-element_type=\"container\">\n\t\t\t\t<div class=\"elementor-element elementor-element-a417ecd elementor-widget elementor-widget-text-editor\" data-id=\"a417ecd\" data-element_type=\"widget\" data-widget_type=\"text-editor.default\">\n\t\t\t\t<div class=\"elementor-widget-container\">\n\t\t\t\t\t\t\t\t\t<p>Hospital o cl\u00ednica<\/p>\t\t\t\t\t\t\t\t<\/div>\n\t\t\t\t<\/div>\n\t\t\t\t<div class=\"elementor-element elementor-element-e7e31e2 elementor-widget elementor-widget-image\" data-id=\"e7e31e2\" data-element_type=\"widget\" data-widget_type=\"image.default\">\n\t\t\t\t<div class=\"elementor-widget-container\">\n\t\t\t\t\t\t\t\t\t\t\t\t\t\t\t<img decoding=\"async\" width=\"701\" height=\"574\" src=\"https:\/\/weradiology.com\/wp-content\/uploads\/2024\/09\/Rectangle-9-5.png\" class=\"attachment-large size-large wp-image-1389\" alt=\"\" srcset=\"https:\/\/weradiology.com\/wp-content\/uploads\/2024\/09\/Rectangle-9-5.png 701w, https:\/\/weradiology.com\/wp-content\/uploads\/2024\/09\/Rectangle-9-5-300x246.png 300w\" sizes=\"(max-width: 701px) 100vw, 701px\" \/>\t\t\t\t\t\t\t\t\t\t\t\t\t\t\t<\/div>\n\t\t\t\t<\/div>\n\t\t\t\t<div class=\"elementor-element elementor-element-aae3056 elementor-widget elementor-widget-text-editor\" data-id=\"aae3056\" data-element_type=\"widget\" data-widget_type=\"text-editor.default\">\n\t\t\t\t<div class=\"elementor-widget-container\">\n\t\t\t\t\t\t\t\t\t<p>La opci\u00f3n para acceder a los mejores especialistas en diagn\u00f3stico por im\u00e1genes, para los pacientes de su Hospital o Cl\u00ednica.<\/p>\t\t\t\t\t\t\t\t<\/div>\n\t\t\t\t<\/div>\n\t\t\t\t<div class=\"elementor-element elementor-element-ca7e018 elementor-widget elementor-widget-text-editor\" data-id=\"ca7e018\" data-element_type=\"widget\" data-widget_type=\"text-editor.default\">\n\t\t\t\t<div class=\"elementor-widget-container\">\n\t\t\t\t\t\t\t\t\t<h5><span style=\"color: #4fb8ff;\"><strong>1. Ingrese a <u>www.weradiology.com<\/u><br \/><\/strong><\/span><\/h5>\t\t\t\t\t\t\t\t<\/div>\n\t\t\t\t<\/div>\n\t\t\t\t<div class=\"elementor-element elementor-element-c6abbf4 elementor-widget elementor-widget-text-editor\" data-id=\"c6abbf4\" data-element_type=\"widget\" data-widget_type=\"text-editor.default\">\n\t\t\t\t<div class=\"elementor-widget-container\">\n\t\t\t\t\t\t\t\t\t<span style=\"color: #585858;\">Elija entre los m\u00e1s prestigiosos especialistas en Diagn\u00f3stico por im\u00e1genes de su pa\u00eds.<\/span>\t\t\t\t\t\t\t\t<\/div>\n\t\t\t\t<\/div>\n\t\t\t\t<div class=\"elementor-element elementor-element-281c8c4 elementor-widget elementor-widget-text-editor\" data-id=\"281c8c4\" data-element_type=\"widget\" data-widget_type=\"text-editor.default\">\n\t\t\t\t<div class=\"elementor-widget-container\">\n\t\t\t\t\t\t\t\t\t<h5><span style=\"color: #4fb8ff;\"><strong>2. <\/strong><b>Seleccionar y enviar\u00a0 los estudios<\/b><\/span><\/h5>\t\t\t\t\t\t\t\t<\/div>\n\t\t\t\t<\/div>\n\t\t\t\t<div class=\"elementor-element elementor-element-082fffc elementor-widget elementor-widget-text-editor\" data-id=\"082fffc\" data-element_type=\"widget\" data-widget_type=\"text-editor.default\">\n\t\t\t\t<div class=\"elementor-widget-container\">\n\t\t\t\t\t\t\t\t\t<span style=\"color: #585858;\">Env\u00ede estudios seleccionados de una forma sencilla y r\u00e1pida directamente desde su instituci\u00f3n y elija que m\u00e9dico puede ver y reportar los estudios.<\/span>\t\t\t\t\t\t\t\t<\/div>\n\t\t\t\t<\/div>\n\t\t\t\t<div class=\"elementor-element elementor-element-5732b4e elementor-widget elementor-widget-text-editor\" data-id=\"5732b4e\" data-element_type=\"widget\" data-widget_type=\"text-editor.default\">\n\t\t\t\t<div class=\"elementor-widget-container\">\n\t\t\t\t\t\t\t\t\t<h5><span style=\"color: #4fb8ff;\"><strong>3. Los mejores profesionales a su disposici\u00f3n<\/strong><\/span><\/h5>\t\t\t\t\t\t\t\t<\/div>\n\t\t\t\t<\/div>\n\t\t\t\t<div class=\"elementor-element elementor-element-3066b0d elementor-widget elementor-widget-text-editor\" data-id=\"3066b0d\" data-element_type=\"widget\" data-widget_type=\"text-editor.default\">\n\t\t\t\t<div class=\"elementor-widget-container\">\n\t\t\t\t\t\t\t\t\t<span style=\"color: #585858;\">Obtenga reportes de profesionales altamente calificados y con referencias. <span style=\"letter-spacing: 0px; text-align: var(--text-align); background-color: var( --e-global-color-c696dce );\">Un especialista de 1 nivel para cada tipo de estudios de sus paciente.<\/span><\/span>\t\t\t\t\t\t\t\t<\/div>\n\t\t\t\t<\/div>\n\t\t\t\t<\/div>\n\t\t\t\t<\/div>\n\t\t<div class=\"elementor-element elementor-element-cec8c0b e-flex e-con-boxed e-con e-parent\" data-id=\"cec8c0b\" data-element_type=\"container\">\n\t\t\t\t\t<div class=\"e-con-inner\">\n\t\t<div class=\"elementor-element elementor-element-1b92e57 e-con-full e-flex e-con e-child\" data-id=\"1b92e57\" data-element_type=\"container\">\n\t\t\t\t<div class=\"elementor-element elementor-element-174a66f elementor-widget elementor-widget-heading\" data-id=\"174a66f\" data-element_type=\"widget\" data-widget_type=\"heading.default\">\n\t\t\t\t<div class=\"elementor-widget-container\">\n\t\t\t\t\t<h2 class=\"elementor-heading-title elementor-size-default\">Acciones de Cl\u00ednica - Hospital\u200b<\/h2>\t\t\t\t<\/div>\n\t\t\t\t<\/div>\n\t\t\t\t<\/div>\n\t\t<div class=\"elementor-element elementor-element-562f4b0 e-con-full e-flex e-con e-child\" data-id=\"562f4b0\" data-element_type=\"container\">\n\t\t\t\t<div class=\"elementor-element elementor-element-fb948c0 elementor-widget-mobile__width-auto elementor-hidden-tablet elementor-hidden-mobile elementor-widget elementor-widget-image\" data-id=\"fb948c0\" data-element_type=\"widget\" data-widget_type=\"image.default\">\n\t\t\t\t<div class=\"elementor-widget-container\">\n\t\t\t\t\t\t\t\t\t\t\t\t\t\t\t<img decoding=\"async\" width=\"1266\" height=\"511\" src=\"https:\/\/weradiology.com\/wp-content\/uploads\/2024\/09\/ACCIONES-DE-CLINICA-HOSPITAL-2048x1081.png-4.png\" class=\"attachment-full size-full wp-image-1784\" alt=\"\" srcset=\"https:\/\/weradiology.com\/wp-content\/uploads\/2024\/09\/ACCIONES-DE-CLINICA-HOSPITAL-2048x1081.png-4.png 1266w, https:\/\/weradiology.com\/wp-content\/uploads\/2024\/09\/ACCIONES-DE-CLINICA-HOSPITAL-2048x1081.png-4-300x121.png 300w, https:\/\/weradiology.com\/wp-content\/uploads\/2024\/09\/ACCIONES-DE-CLINICA-HOSPITAL-2048x1081.png-4-1089x440.png 1089w, https:\/\/weradiology.com\/wp-content\/uploads\/2024\/09\/ACCIONES-DE-CLINICA-HOSPITAL-2048x1081.png-4-768x310.png 768w\" sizes=\"(max-width: 1266px) 100vw, 1266px\" \/>\t\t\t\t\t\t\t\t\t\t\t\t\t\t\t<\/div>\n\t\t\t\t<\/div>\n\t\t\t\t<\/div>\n\t\t\t\t\t<\/div>\n\t\t\t\t<\/div>\n\t\t<div class=\"elementor-element elementor-element-477a08f e-flex e-con-boxed e-con e-parent\" data-id=\"477a08f\" data-element_type=\"container\">\n\t\t\t\t\t<div class=\"e-con-inner\">\n\t\t\t\t<div class=\"elementor-element elementor-element-6634552 elementor-hidden-desktop elementor-widget elementor-widget-image\" data-id=\"6634552\" data-element_type=\"widget\" data-widget_type=\"image.default\">\n\t\t\t\t<div class=\"elementor-widget-container\">\n\t\t\t\t\t\t\t\t\t\t\t\t\t\t\t<img loading=\"lazy\" decoding=\"async\" width=\"800\" height=\"659\" src=\"https:\/\/weradiology.com\/wp-content\/uploads\/2024\/09\/Acciones_Clinica-Hospital-1089x897.png\" class=\"attachment-large size-large wp-image-1450\" alt=\"\" srcset=\"https:\/\/weradiology.com\/wp-content\/uploads\/2024\/09\/Acciones_Clinica-Hospital-1089x897.png 1089w, https:\/\/weradiology.com\/wp-content\/uploads\/2024\/09\/Acciones_Clinica-Hospital-300x247.png 300w, https:\/\/weradiology.com\/wp-content\/uploads\/2024\/09\/Acciones_Clinica-Hospital-768x632.png 768w, https:\/\/weradiology.com\/wp-content\/uploads\/2024\/09\/Acciones_Clinica-Hospital-1536x1265.png 1536w, https:\/\/weradiology.com\/wp-content\/uploads\/2024\/09\/Acciones_Clinica-Hospital-2048x1686.png 2048w\" sizes=\"(max-width: 800px) 100vw, 800px\" \/>\t\t\t\t\t\t\t\t\t\t\t\t\t\t\t<\/div>\n\t\t\t\t<\/div>\n\t\t\t\t\t<\/div>\n\t\t\t\t<\/div>\n\t\t<div class=\"elementor-element elementor-element-d96dbb1 e-con-full e-flex e-con e-parent\" data-id=\"d96dbb1\" data-element_type=\"container\">\n\t\t\t\t<div class=\"elementor-element elementor-element-7cf967e elementor-widget__width-inherit elementor-widget elementor-widget-heading\" data-id=\"7cf967e\" data-element_type=\"widget\" data-widget_type=\"heading.default\">\n\t\t\t\t<div class=\"elementor-widget-container\">\n\t\t\t\t\t<h2 class=\"elementor-heading-title elementor-size-default\">Elija entre los mejores m\u00e9dicos especialistas<\/h2>\t\t\t\t<\/div>\n\t\t\t\t<\/div>\n\t\t\t\t<\/div>\n\t\t<div class=\"elementor-element elementor-element-d8c4cf2 elementor-hidden-desktop e-flex e-con-boxed e-con e-parent\" data-id=\"d8c4cf2\" data-element_type=\"container\">\n\t\t\t\t\t<div class=\"e-con-inner\">\n\t\t\t\t<div class=\"elementor-element elementor-element-4218744 elementor-widget elementor-widget-image\" data-id=\"4218744\" data-element_type=\"widget\" data-widget_type=\"image.default\">\n\t\t\t\t<div class=\"elementor-widget-container\">\n\t\t\t\t\t\t\t\t\t\t\t\t\t\t\t<img loading=\"lazy\" decoding=\"async\" width=\"373\" height=\"752\" src=\"https:\/\/weradiology.com\/wp-content\/uploads\/2024\/09\/Diseno-sin-titulo-5.png\" class=\"attachment-large size-large wp-image-1689\" alt=\"Profesionales m\u00e9dicos especialistas en diagn\u00f3stico por im\u00e1genes\" srcset=\"https:\/\/weradiology.com\/wp-content\/uploads\/2024\/09\/Diseno-sin-titulo-5.png 373w, https:\/\/weradiology.com\/wp-content\/uploads\/2024\/09\/Diseno-sin-titulo-5-149x300.png 149w\" sizes=\"(max-width: 373px) 100vw, 373px\" \/>\t\t\t\t\t\t\t\t\t\t\t\t\t\t\t<\/div>\n\t\t\t\t<\/div>\n\t\t\t\t\t<\/div>\n\t\t\t\t<\/div>\n\t\t<div class=\"elementor-element elementor-element-027805a elementor-hidden-tablet elementor-hidden-mobile e-flex e-con-boxed e-con e-parent\" data-id=\"027805a\" data-element_type=\"container\">\n\t\t\t\t\t<div class=\"e-con-inner\">\n\t\t\t\t<div class=\"elementor-element elementor-element-efe190f elementor-widget elementor-widget-image\" data-id=\"efe190f\" data-element_type=\"widget\" data-widget_type=\"image.default\">\n\t\t\t\t<div class=\"elementor-widget-container\">\n\t\t\t\t\t\t\t\t\t\t\t\t\t\t\t<img loading=\"lazy\" decoding=\"async\" width=\"900\" height=\"500\" src=\"https:\/\/weradiology.com\/wp-content\/uploads\/2024\/03\/Dr.-Jorge-Sierra-1.png\" class=\"attachment-full size-full wp-image-615\" alt=\"\" srcset=\"https:\/\/weradiology.com\/wp-content\/uploads\/2024\/03\/Dr.-Jorge-Sierra-1.png 900w, https:\/\/weradiology.com\/wp-content\/uploads\/2024\/03\/Dr.-Jorge-Sierra-1-300x167.png 300w, https:\/\/weradiology.com\/wp-content\/uploads\/2024\/03\/Dr.-Jorge-Sierra-1-768x427.png 768w\" sizes=\"(max-width: 900px) 100vw, 900px\" \/>\t\t\t\t\t\t\t\t\t\t\t\t\t\t\t<\/div>\n\t\t\t\t<\/div>\n\t\t\t\t\t<\/div>\n\t\t\t\t<\/div>\n\t\t\t\t<\/div>\n\t\t","protected":false},"excerpt":{"rendered":"<p>Hospital o cl\u00ednica La opci\u00f3n para acceder a los mejores especialistas en diagn\u00f3stico por im\u00e1genes, para los pacientes de su Hospital o Cl\u00ednica. 1. Ingrese a www.weradiology.com Elija entre los m\u00e1s prestigiosos especialistas en Diagn\u00f3stico por im\u00e1genes de su pa\u00eds. 2. Seleccionar y enviar los estudios Env\u00ede estudios seleccionados de una forma sencilla y r\u00e1pida [&hellip;]<\/p>\n","protected":false},"author":6,"featured_media":0,"parent":0,"menu_order":0,"comment_status":"closed","ping_status":"closed","template":"elementor_header_footer","meta":{"footnotes":""},"class_list":["post-70","page","type-page","status-publish","hentry"],"yoast_head":"<!-- This site is optimized with the Yoast SEO plugin v26.3 - https:\/\/yoast.com\/wordpress\/plugins\/seo\/ -->\n<title>Soluciones Innovadoras en Radiolog\u00eda para Hospitales y Cl\u00ednicas<\/title>\n<meta name=\"description\" content=\"Weradiology ofrece soluciones en radiolog\u00eda para hospitales y cl\u00ednicas, con informes m\u00e9dicos y acceso a especialistas en diagn\u00f3stico.\" \/>\n<meta name=\"robots\" content=\"index, follow, max-snippet:-1, max-image-preview:large, max-video-preview:-1\" \/>\n<link rel=\"canonical\" href=\"https:\/\/weradiology.com\/index.php\/soluciones-para-hospitales-o-clinicas\/\" \/>\n<meta property=\"og:locale\" content=\"en_US\" \/>\n<meta property=\"og:type\" content=\"article\" \/>\n<meta property=\"og:title\" content=\"Soluciones Innovadoras en Radiolog\u00eda para Hospitales y Cl\u00ednicas\" \/>\n<meta property=\"og:description\" content=\"Weradiology ofrece soluciones en radiolog\u00eda para hospitales y cl\u00ednicas, con informes m\u00e9dicos y acceso a especialistas en diagn\u00f3stico.\" \/>\n<meta property=\"og:url\" content=\"https:\/\/weradiology.com\/index.php\/soluciones-para-hospitales-o-clinicas\/\" \/>\n<meta property=\"og:site_name\" content=\"weradiology.com\" \/>\n<meta property=\"article:modified_time\" content=\"2025-01-30T12:58:05+00:00\" \/>\n<meta property=\"og:image\" content=\"http:\/\/weradiology.com\/wp-content\/uploads\/2024\/09\/Clip-path-group-1.png\" \/>\n<meta name=\"twitter:card\" content=\"summary_large_image\" \/>\n<meta name=\"twitter:label1\" content=\"Est. reading time\" \/>\n\t<meta name=\"twitter:data1\" content=\"3 minutes\" \/>\n<script type=\"application\/ld+json\" class=\"yoast-schema-graph\">{\"@context\":\"https:\/\/schema.org\",\"@graph\":[{\"@type\":\"WebPage\",\"@id\":\"https:\/\/weradiology.com\/index.php\/soluciones-para-hospitales-o-clinicas\/\",\"url\":\"https:\/\/weradiology.com\/index.php\/soluciones-para-hospitales-o-clinicas\/\",\"name\":\"Soluciones Innovadoras en Radiolog\u00eda para Hospitales y Cl\u00ednicas\",\"isPartOf\":{\"@id\":\"https:\/\/weradiology.com\/#website\"},\"primaryImageOfPage\":{\"@id\":\"https:\/\/weradiology.com\/index.php\/soluciones-para-hospitales-o-clinicas\/#primaryimage\"},\"image\":{\"@id\":\"https:\/\/weradiology.com\/index.php\/soluciones-para-hospitales-o-clinicas\/#primaryimage\"},\"thumbnailUrl\":\"http:\/\/weradiology.com\/wp-content\/uploads\/2024\/09\/Clip-path-group-1.png\",\"datePublished\":\"2023-09-22T14:26:52+00:00\",\"dateModified\":\"2025-01-30T12:58:05+00:00\",\"description\":\"Weradiology ofrece soluciones en radiolog\u00eda para hospitales y cl\u00ednicas, con informes m\u00e9dicos y acceso a especialistas en diagn\u00f3stico.\",\"breadcrumb\":{\"@id\":\"https:\/\/weradiology.com\/index.php\/soluciones-para-hospitales-o-clinicas\/#breadcrumb\"},\"inLanguage\":\"en-US\",\"potentialAction\":[{\"@type\":\"ReadAction\",\"target\":[\"https:\/\/weradiology.com\/index.php\/soluciones-para-hospitales-o-clinicas\/\"]}]},{\"@type\":\"ImageObject\",\"inLanguage\":\"en-US\",\"@id\":\"https:\/\/weradiology.com\/index.php\/soluciones-para-hospitales-o-clinicas\/#primaryimage\",\"url\":\"http:\/\/weradiology.com\/wp-content\/uploads\/2024\/09\/Clip-path-group-1.png\",\"contentUrl\":\"http:\/\/weradiology.com\/wp-content\/uploads\/2024\/09\/Clip-path-group-1.png\"},{\"@type\":\"BreadcrumbList\",\"@id\":\"https:\/\/weradiology.com\/index.php\/soluciones-para-hospitales-o-clinicas\/#breadcrumb\",\"itemListElement\":[{\"@type\":\"ListItem\",\"position\":1,\"name\":\"Home\",\"item\":\"https:\/\/weradiology.com\/\"},{\"@type\":\"ListItem\",\"position\":2,\"name\":\"Hospital o cl\u00ednica\"}]},{\"@type\":\"WebSite\",\"@id\":\"https:\/\/weradiology.com\/#website\",\"url\":\"https:\/\/weradiology.com\/\",\"name\":\"weradiology.com\",\"description\":\"\",\"publisher\":{\"@id\":\"https:\/\/weradiology.com\/#organization\"},\"potentialAction\":[{\"@type\":\"SearchAction\",\"target\":{\"@type\":\"EntryPoint\",\"urlTemplate\":\"https:\/\/weradiology.com\/?s={search_term_string}\"},\"query-input\":{\"@type\":\"PropertyValueSpecification\",\"valueRequired\":true,\"valueName\":\"search_term_string\"}}],\"inLanguage\":\"en-US\"},{\"@type\":\"Organization\",\"@id\":\"https:\/\/weradiology.com\/#organization\",\"name\":\"weradiology\",\"url\":\"https:\/\/weradiology.com\/\",\"logo\":{\"@type\":\"ImageObject\",\"inLanguage\":\"en-US\",\"@id\":\"https:\/\/weradiology.com\/#\/schema\/logo\/image\/\",\"url\":\"https:\/\/weradiology.com\/wp-content\/uploads\/2023\/09\/weradiology.png\",\"contentUrl\":\"https:\/\/weradiology.com\/wp-content\/uploads\/2023\/09\/weradiology.png\",\"width\":884,\"height\":397,\"caption\":\"weradiology\"},\"image\":{\"@id\":\"https:\/\/weradiology.com\/#\/schema\/logo\/image\/\"}}]}<\/script>\n<!-- \/ Yoast SEO plugin. -->","yoast_head_json":{"title":"Soluciones Innovadoras en Radiolog\u00eda para Hospitales y Cl\u00ednicas","description":"Weradiology ofrece soluciones en radiolog\u00eda para hospitales y cl\u00ednicas, con informes m\u00e9dicos y acceso a especialistas en diagn\u00f3stico.","robots":{"index":"index","follow":"follow","max-snippet":"max-snippet:-1","max-image-preview":"max-image-preview:large","max-video-preview":"max-video-preview:-1"},"canonical":"https:\/\/weradiology.com\/index.php\/soluciones-para-hospitales-o-clinicas\/","og_locale":"en_US","og_type":"article","og_title":"Soluciones Innovadoras en Radiolog\u00eda para Hospitales y Cl\u00ednicas","og_description":"Weradiology ofrece soluciones en radiolog\u00eda para hospitales y cl\u00ednicas, con informes m\u00e9dicos y acceso a especialistas en diagn\u00f3stico.","og_url":"https:\/\/weradiology.com\/index.php\/soluciones-para-hospitales-o-clinicas\/","og_site_name":"weradiology.com","article_modified_time":"2025-01-30T12:58:05+00:00","og_image":[{"url":"http:\/\/weradiology.com\/wp-content\/uploads\/2024\/09\/Clip-path-group-1.png","type":"","width":"","height":""}],"twitter_card":"summary_large_image","twitter_misc":{"Est. reading time":"3 minutes"},"schema":{"@context":"https:\/\/schema.org","@graph":[{"@type":"WebPage","@id":"https:\/\/weradiology.com\/index.php\/soluciones-para-hospitales-o-clinicas\/","url":"https:\/\/weradiology.com\/index.php\/soluciones-para-hospitales-o-clinicas\/","name":"Soluciones Innovadoras en Radiolog\u00eda para Hospitales y Cl\u00ednicas","isPartOf":{"@id":"https:\/\/weradiology.com\/#website"},"primaryImageOfPage":{"@id":"https:\/\/weradiology.com\/index.php\/soluciones-para-hospitales-o-clinicas\/#primaryimage"},"image":{"@id":"https:\/\/weradiology.com\/index.php\/soluciones-para-hospitales-o-clinicas\/#primaryimage"},"thumbnailUrl":"http:\/\/weradiology.com\/wp-content\/uploads\/2024\/09\/Clip-path-group-1.png","datePublished":"2023-09-22T14:26:52+00:00","dateModified":"2025-01-30T12:58:05+00:00","description":"Weradiology ofrece soluciones en radiolog\u00eda para hospitales y cl\u00ednicas, con informes m\u00e9dicos y acceso a especialistas en diagn\u00f3stico.","breadcrumb":{"@id":"https:\/\/weradiology.com\/index.php\/soluciones-para-hospitales-o-clinicas\/#breadcrumb"},"inLanguage":"en-US","potentialAction":[{"@type":"ReadAction","target":["https:\/\/weradiology.com\/index.php\/soluciones-para-hospitales-o-clinicas\/"]}]},{"@type":"ImageObject","inLanguage":"en-US","@id":"https:\/\/weradiology.com\/index.php\/soluciones-para-hospitales-o-clinicas\/#primaryimage","url":"http:\/\/weradiology.com\/wp-content\/uploads\/2024\/09\/Clip-path-group-1.png","contentUrl":"http:\/\/weradiology.com\/wp-content\/uploads\/2024\/09\/Clip-path-group-1.png"},{"@type":"BreadcrumbList","@id":"https:\/\/weradiology.com\/index.php\/soluciones-para-hospitales-o-clinicas\/#breadcrumb","itemListElement":[{"@type":"ListItem","position":1,"name":"Home","item":"https:\/\/weradiology.com\/"},{"@type":"ListItem","position":2,"name":"Hospital o cl\u00ednica"}]},{"@type":"WebSite","@id":"https:\/\/weradiology.com\/#website","url":"https:\/\/weradiology.com\/","name":"weradiology.com","description":"","publisher":{"@id":"https:\/\/weradiology.com\/#organization"},"potentialAction":[{"@type":"SearchAction","target":{"@type":"EntryPoint","urlTemplate":"https:\/\/weradiology.com\/?s={search_term_string}"},"query-input":{"@type":"PropertyValueSpecification","valueRequired":true,"valueName":"search_term_string"}}],"inLanguage":"en-US"},{"@type":"Organization","@id":"https:\/\/weradiology.com\/#organization","name":"weradiology","url":"https:\/\/weradiology.com\/","logo":{"@type":"ImageObject","inLanguage":"en-US","@id":"https:\/\/weradiology.com\/#\/schema\/logo\/image\/","url":"https:\/\/weradiology.com\/wp-content\/uploads\/2023\/09\/weradiology.png","contentUrl":"https:\/\/weradiology.com\/wp-content\/uploads\/2023\/09\/weradiology.png","width":884,"height":397,"caption":"weradiology"},"image":{"@id":"https:\/\/weradiology.com\/#\/schema\/logo\/image\/"}}]}},"_links":{"self":[{"href":"https:\/\/weradiology.com\/index.php\/wp-json\/wp\/v2\/pages\/70","targetHints":{"allow":["GET"]}}],"collection":[{"href":"https:\/\/weradiology.com\/index.php\/wp-json\/wp\/v2\/pages"}],"about":[{"href":"https:\/\/weradiology.com\/index.php\/wp-json\/wp\/v2\/types\/page"}],"author":[{"embeddable":true,"href":"https:\/\/weradiology.com\/index.php\/wp-json\/wp\/v2\/users\/6"}],"replies":[{"embeddable":true,"href":"https:\/\/weradiology.com\/index.php\/wp-json\/wp\/v2\/comments?post=70"}],"version-history":[{"count":357,"href":"https:\/\/weradiology.com\/index.php\/wp-json\/wp\/v2\/pages\/70\/revisions"}],"predecessor-version":[{"id":2235,"href":"https:\/\/weradiology.com\/index.php\/wp-json\/wp\/v2\/pages\/70\/revisions\/2235"}],"wp:attachment":[{"href":"https:\/\/weradiology.com\/index.php\/wp-json\/wp\/v2\/media?parent=70"}],"curies":[{"name":"wp","href":"https:\/\/api.w.org\/{rel}","templated":true}]}}