{"id":2,"date":"2023-09-22T11:01:46","date_gmt":"2023-09-22T14:01:46","guid":{"rendered":"http:\/\/weradiology.com\/?page_id=2"},"modified":"2024-09-30T11:15:24","modified_gmt":"2024-09-30T14:15:24","slug":"pagina-ejemplo","status":"publish","type":"page","link":"https:\/\/weradiology.com\/index.php\/pagina-ejemplo\/","title":{"rendered":""},"content":{"rendered":"\t\t<div data-elementor-type=\"wp-page\" data-elementor-id=\"2\" class=\"elementor elementor-2\" data-elementor-post-type=\"page\">\n\t\t\t\t<div class=\"elementor-element elementor-element-534a845 elementor-hidden-mobile e-flex e-con-boxed e-con e-parent\" data-id=\"534a845\" data-element_type=\"container\">\n\t\t\t\t\t<div class=\"e-con-inner\">\n\t\t\t\t<div class=\"elementor-element elementor-element-d89521e elementor-widget-divider--view-line elementor-widget elementor-widget-divider\" data-id=\"d89521e\" data-element_type=\"widget\" data-widget_type=\"divider.default\">\n\t\t\t\t<div class=\"elementor-widget-container\">\n\t\t\t\t\t\t\t<div class=\"elementor-divider\">\n\t\t\t<span class=\"elementor-divider-separator\">\n\t\t\t\t\t\t<\/span>\n\t\t<\/div>\n\t\t\t\t\t\t<\/div>\n\t\t\t\t<\/div>\n\t\t\t\t\t<\/div>\n\t\t\t\t<\/div>\n\t\t<div class=\"elementor-element elementor-element-9ec1c42 elementor-hidden-tablet elementor-hidden-mobile e-flex e-con-boxed e-con e-parent\" data-id=\"9ec1c42\" data-element_type=\"container\">\n\t\t\t\t\t<div class=\"e-con-inner\">\n\t\t<div class=\"elementor-element elementor-element-28f0361 e-con-full e-flex e-con e-child\" data-id=\"28f0361\" data-element_type=\"container\">\n\t\t\t\t<div class=\"elementor-element elementor-element-e9da8cb elementor-widget elementor-widget-heading\" data-id=\"e9da8cb\" data-element_type=\"widget\" data-widget_type=\"heading.default\">\n\t\t\t\t<div class=\"elementor-widget-container\">\n\t\t\t\t\t<h2 class=\"elementor-heading-title elementor-size-default\">Misi\u00f3n<\/h2>\t\t\t\t<\/div>\n\t\t\t\t<\/div>\n\t\t\t\t<div class=\"elementor-element elementor-element-a38072c elementor-widget elementor-widget-text-editor\" data-id=\"a38072c\" data-element_type=\"widget\" data-widget_type=\"text-editor.default\">\n\t\t\t\t<div class=\"elementor-widget-container\">\n\t\t\t\t\t\t\t\t\t<p><b>Unir a los m\u00e9dicos especialistas en diagn\u00f3stico por im\u00e1genes con las instituciones-empresas m\u00e9dicas<\/b> a trav\u00e9s de una plataforma digital, creando oportunidades laborales-cient\u00edficas, facilitando la productividad las 24 hs del d\u00eda, creando una sociedad radiol\u00f3gica virtual.<\/p>\t\t\t\t\t\t\t\t<\/div>\n\t\t\t\t<\/div>\n\t\t\t\t<\/div>\n\t\t<div class=\"elementor-element elementor-element-9246c7b e-con-full e-flex e-con e-child\" data-id=\"9246c7b\" data-element_type=\"container\">\n\t\t\t\t<div class=\"elementor-element elementor-element-c06e2de elementor-widget elementor-widget-image\" data-id=\"c06e2de\" data-element_type=\"widget\" data-widget_type=\"image.default\">\n\t\t\t\t<div class=\"elementor-widget-container\">\n\t\t\t\t\t\t\t\t\t\t\t\t\t\t\t<img fetchpriority=\"high\" decoding=\"async\" width=\"800\" height=\"529\" src=\"https:\/\/weradiology.com\/wp-content\/uploads\/2024\/09\/Capa_1-2.png\" class=\"attachment-large size-large wp-image-1809\" alt=\"\" srcset=\"https:\/\/weradiology.com\/wp-content\/uploads\/2024\/09\/Capa_1-2.png 858w, https:\/\/weradiology.com\/wp-content\/uploads\/2024\/09\/Capa_1-2-300x198.png 300w, https:\/\/weradiology.com\/wp-content\/uploads\/2024\/09\/Capa_1-2-768x508.png 768w\" sizes=\"(max-width: 800px) 100vw, 800px\" \/>\t\t\t\t\t\t\t\t\t\t\t\t\t\t\t<\/div>\n\t\t\t\t<\/div>\n\t\t\t\t<\/div>\n\t\t\t\t\t<\/div>\n\t\t\t\t<\/div>\n\t\t<div class=\"elementor-element elementor-element-3048478 elementor-hidden-desktop e-flex e-con-boxed e-con e-parent\" data-id=\"3048478\" data-element_type=\"container\">\n\t\t\t\t\t<div class=\"e-con-inner\">\n\t\t<div class=\"elementor-element elementor-element-d65b015 e-con-full e-flex e-con e-child\" data-id=\"d65b015\" data-element_type=\"container\">\n\t\t\t\t<div class=\"elementor-element elementor-element-80b000c elementor-widget elementor-widget-heading\" data-id=\"80b000c\" data-element_type=\"widget\" data-widget_type=\"heading.default\">\n\t\t\t\t<div class=\"elementor-widget-container\">\n\t\t\t\t\t<h2 class=\"elementor-heading-title elementor-size-default\">Misi\u00f3n<\/h2>\t\t\t\t<\/div>\n\t\t\t\t<\/div>\n\t\t\t\t<div class=\"elementor-element elementor-element-aa412df elementor-widget elementor-widget-text-editor\" data-id=\"aa412df\" data-element_type=\"widget\" data-widget_type=\"text-editor.default\">\n\t\t\t\t<div class=\"elementor-widget-container\">\n\t\t\t\t\t\t\t\t\t<p><b>Unir a los m\u00e9dicos especialistas en diagn\u00f3stico por im\u00e1genes con las instituciones-empresas m\u00e9dicas<\/b> a trav\u00e9s de una plataforma digital, creando oportunidades laborales-cient\u00edficas, facilitando la productividad las 24 hs del d\u00eda, creando una sociedad radiol\u00f3gica virtual.<\/p>\t\t\t\t\t\t\t\t<\/div>\n\t\t\t\t<\/div>\n\t\t\t\t<\/div>\n\t\t<div class=\"elementor-element elementor-element-0a3a764 e-con-full e-flex e-con e-child\" data-id=\"0a3a764\" data-element_type=\"container\">\n\t\t\t\t<div class=\"elementor-element elementor-element-7071eda elementor-widget elementor-widget-image\" data-id=\"7071eda\" data-element_type=\"widget\" data-widget_type=\"image.default\">\n\t\t\t\t<div class=\"elementor-widget-container\">\n\t\t\t\t\t\t\t\t\t\t\t\t\t\t\t<img fetchpriority=\"high\" decoding=\"async\" width=\"800\" height=\"529\" src=\"https:\/\/weradiology.com\/wp-content\/uploads\/2024\/09\/Capa_1-2.png\" class=\"attachment-large size-large wp-image-1809\" alt=\"\" srcset=\"https:\/\/weradiology.com\/wp-content\/uploads\/2024\/09\/Capa_1-2.png 858w, https:\/\/weradiology.com\/wp-content\/uploads\/2024\/09\/Capa_1-2-300x198.png 300w, https:\/\/weradiology.com\/wp-content\/uploads\/2024\/09\/Capa_1-2-768x508.png 768w\" sizes=\"(max-width: 800px) 100vw, 800px\" \/>\t\t\t\t\t\t\t\t\t\t\t\t\t\t\t<\/div>\n\t\t\t\t<\/div>\n\t\t\t\t<\/div>\n\t\t\t\t\t<\/div>\n\t\t\t\t<\/div>\n\t\t<div class=\"elementor-element elementor-element-49e334e e-flex e-con-boxed e-con e-parent\" data-id=\"49e334e\" data-element_type=\"container\">\n\t\t\t\t\t<div class=\"e-con-inner\">\n\t\t\t\t<div class=\"elementor-element elementor-element-60328d5 elementor-widget-divider--view-line elementor-widget elementor-widget-divider\" data-id=\"60328d5\" data-element_type=\"widget\" data-widget_type=\"divider.default\">\n\t\t\t\t<div class=\"elementor-widget-container\">\n\t\t\t\t\t\t\t<div class=\"elementor-divider\">\n\t\t\t<span class=\"elementor-divider-separator\">\n\t\t\t\t\t\t<\/span>\n\t\t<\/div>\n\t\t\t\t\t\t<\/div>\n\t\t\t\t<\/div>\n\t\t\t\t\t<\/div>\n\t\t\t\t<\/div>\n\t\t<div class=\"elementor-element elementor-element-c3852c5 elementor-hidden-mobile e-flex e-con-boxed e-con e-parent\" data-id=\"c3852c5\" data-element_type=\"container\">\n\t\t\t\t\t<div class=\"e-con-inner\">\n\t\t<div class=\"elementor-element elementor-element-7bbb153 e-con-full e-flex e-con e-child\" data-id=\"7bbb153\" data-element_type=\"container\">\n\t\t\t\t<div class=\"elementor-element elementor-element-e80986a elementor-widget elementor-widget-heading\" data-id=\"e80986a\" data-element_type=\"widget\" data-widget_type=\"heading.default\">\n\t\t\t\t<div class=\"elementor-widget-container\">\n\t\t\t\t\t<h2 class=\"elementor-heading-title elementor-size-default\">Visi\u00f3n<\/h2>\t\t\t\t<\/div>\n\t\t\t\t<\/div>\n\t\t\t\t<div class=\"elementor-element elementor-element-38eb2d5 elementor-widget elementor-widget-text-editor\" data-id=\"38eb2d5\" data-element_type=\"widget\" data-widget_type=\"text-editor.default\">\n\t\t\t\t<div class=\"elementor-widget-container\">\n\t\t\t\t\t\t\t\t\t<p>Crear una plataforma virtual sencilla, inteligente e intuitiva, que permita tanto a las instituciones-empresas m\u00e9dicas como a los m\u00e9dicos especialistas, trabajar interconectados, cuidando los datos personales del paciente, con posibilidades de conseguir trabajo en forma permanente o freelancer.<\/p>\t\t\t\t\t\t\t\t<\/div>\n\t\t\t\t<\/div>\n\t\t\t\t<div class=\"elementor-element elementor-element-3300c9c elementor-widget elementor-widget-text-editor\" data-id=\"3300c9c\" data-element_type=\"widget\" data-widget_type=\"text-editor.default\">\n\t\t\t\t<div class=\"elementor-widget-container\">\n\t\t\t\t\t\t\t\t\t<ul>\n \t<li>Crecer cient\u00edficamente, estimular el conocimiento, actualizarse permanentemente.<\/li>\n \t<li>Brindar autonom\u00eda, desarrollo e igualdad de oportunidades donde quiera que est\u00e9s.<\/li>\n \t<li>Brind\u00e1ndole a sus beneficiarios un porfolio de utilidades para crecer y mejorar la calidad de servicio.<\/li>\n<\/ul>\t\t\t\t\t\t\t\t<\/div>\n\t\t\t\t<\/div>\n\t\t\t\t<\/div>\n\t\t<div class=\"elementor-element elementor-element-822950a e-con-full e-flex e-con e-child\" data-id=\"822950a\" data-element_type=\"container\">\n\t\t\t\t<div class=\"elementor-element elementor-element-bca5020 elementor-widget elementor-widget-image\" data-id=\"bca5020\" data-element_type=\"widget\" data-widget_type=\"image.default\">\n\t\t\t\t<div class=\"elementor-widget-container\">\n\t\t\t\t\t\t\t\t\t\t\t\t\t\t\t<img decoding=\"async\" width=\"800\" height=\"519\" src=\"https:\/\/weradiology.com\/wp-content\/uploads\/2024\/09\/Clip-path-group-2.png\" class=\"attachment-large size-large wp-image-1810\" alt=\"\" srcset=\"https:\/\/weradiology.com\/wp-content\/uploads\/2024\/09\/Clip-path-group-2.png 874w, https:\/\/weradiology.com\/wp-content\/uploads\/2024\/09\/Clip-path-group-2-300x195.png 300w, https:\/\/weradiology.com\/wp-content\/uploads\/2024\/09\/Clip-path-group-2-768x498.png 768w\" sizes=\"(max-width: 800px) 100vw, 800px\" \/>\t\t\t\t\t\t\t\t\t\t\t\t\t\t\t<\/div>\n\t\t\t\t<\/div>\n\t\t\t\t<\/div>\n\t\t\t\t\t<\/div>\n\t\t\t\t<\/div>\n\t\t<div class=\"elementor-element elementor-element-785117c elementor-hidden-tablet elementor-hidden-mobile e-flex e-con-boxed e-con e-parent\" data-id=\"785117c\" data-element_type=\"container\">\n\t\t\t\t\t<div class=\"e-con-inner\">\n\t\t\t\t<div class=\"elementor-element elementor-element-b44d970 elementor-widget elementor-widget-spacer\" data-id=\"b44d970\" data-element_type=\"widget\" data-widget_type=\"spacer.default\">\n\t\t\t\t<div class=\"elementor-widget-container\">\n\t\t\t\t\t\t\t<div class=\"elementor-spacer\">\n\t\t\t<div class=\"elementor-spacer-inner\"><\/div>\n\t\t<\/div>\n\t\t\t\t\t\t<\/div>\n\t\t\t\t<\/div>\n\t\t\t\t\t<\/div>\n\t\t\t\t<\/div>\n\t\t<div class=\"elementor-element elementor-element-8823c57 elementor-hidden-desktop e-flex e-con-boxed e-con e-parent\" data-id=\"8823c57\" data-element_type=\"container\">\n\t\t\t\t\t<div class=\"e-con-inner\">\n\t\t<div class=\"elementor-element elementor-element-3b2d1b0 e-con-full e-flex e-con e-child\" data-id=\"3b2d1b0\" data-element_type=\"container\">\n\t\t\t\t<div class=\"elementor-element elementor-element-c16f58e elementor-widget elementor-widget-heading\" data-id=\"c16f58e\" data-element_type=\"widget\" data-widget_type=\"heading.default\">\n\t\t\t\t<div class=\"elementor-widget-container\">\n\t\t\t\t\t<h2 class=\"elementor-heading-title elementor-size-default\">Visi\u00f3n<\/h2>\t\t\t\t<\/div>\n\t\t\t\t<\/div>\n\t\t\t\t<div class=\"elementor-element elementor-element-5e9a834 elementor-widget elementor-widget-text-editor\" data-id=\"5e9a834\" data-element_type=\"widget\" data-widget_type=\"text-editor.default\">\n\t\t\t\t<div class=\"elementor-widget-container\">\n\t\t\t\t\t\t\t\t\t<p>Crear una plataforma virtual sencilla, inteligente e intuitiva, que permita tanto a las instituciones-empresas m\u00e9dicas como a los m\u00e9dicos especialistas, trabajar interconectados, cuidando los datos personales del paciente, con posibilidades de conseguir trabajo en forma permanente o freelancer.<\/p>\t\t\t\t\t\t\t\t<\/div>\n\t\t\t\t<\/div>\n\t\t\t\t<div class=\"elementor-element elementor-element-dfe0f68 elementor-widget elementor-widget-text-editor\" data-id=\"dfe0f68\" data-element_type=\"widget\" data-widget_type=\"text-editor.default\">\n\t\t\t\t<div class=\"elementor-widget-container\">\n\t\t\t\t\t\t\t\t\t<ul>\n \t<li>Crecer cient\u00edficamente, estimular el conocimiento, actualizarse permanentemente.<\/li>\n \t<li>Brindar autonom\u00eda, desarrollo e igualdad de oportunidades donde quiera que est\u00e9s.<\/li>\n \t<li>Brind\u00e1ndole a sus beneficiarios un porfolio de utilidades para crecer y mejorar la calidad de servicio.<\/li>\n<\/ul>\t\t\t\t\t\t\t\t<\/div>\n\t\t\t\t<\/div>\n\t\t\t\t<\/div>\n\t\t<div class=\"elementor-element elementor-element-9e90243 e-con-full e-flex e-con e-child\" data-id=\"9e90243\" data-element_type=\"container\">\n\t\t\t\t<div class=\"elementor-element elementor-element-c8af4d1 elementor-widget elementor-widget-image\" data-id=\"c8af4d1\" data-element_type=\"widget\" data-widget_type=\"image.default\">\n\t\t\t\t<div class=\"elementor-widget-container\">\n\t\t\t\t\t\t\t\t\t\t\t\t\t\t\t<img decoding=\"async\" width=\"800\" height=\"519\" src=\"https:\/\/weradiology.com\/wp-content\/uploads\/2024\/09\/Clip-path-group-2.png\" class=\"attachment-large size-large wp-image-1810\" alt=\"\" srcset=\"https:\/\/weradiology.com\/wp-content\/uploads\/2024\/09\/Clip-path-group-2.png 874w, https:\/\/weradiology.com\/wp-content\/uploads\/2024\/09\/Clip-path-group-2-300x195.png 300w, https:\/\/weradiology.com\/wp-content\/uploads\/2024\/09\/Clip-path-group-2-768x498.png 768w\" sizes=\"(max-width: 800px) 100vw, 800px\" \/>\t\t\t\t\t\t\t\t\t\t\t\t\t\t\t<\/div>\n\t\t\t\t<\/div>\n\t\t\t\t<\/div>\n\t\t\t\t\t<\/div>\n\t\t\t\t<\/div>\n\t\t\t\t<\/div>\n\t\t","protected":false},"excerpt":{"rendered":"<p>Misi\u00f3n Unir a los m\u00e9dicos especialistas en diagn\u00f3stico por im\u00e1genes con las instituciones-empresas m\u00e9dicas a trav\u00e9s de una plataforma digital, creando oportunidades laborales-cient\u00edficas, facilitando la productividad las 24 hs del d\u00eda, creando una sociedad radiol\u00f3gica virtual. Misi\u00f3n Unir a los m\u00e9dicos especialistas en diagn\u00f3stico por im\u00e1genes con las instituciones-empresas m\u00e9dicas a trav\u00e9s de una plataforma [&hellip;]<\/p>\n","protected":false},"author":6,"featured_media":0,"parent":0,"menu_order":0,"comment_status":"closed","ping_status":"open","template":"","meta":{"footnotes":""},"class_list":["post-2","page","type-page","status-publish","hentry"],"yoast_head":"<!-- This site is optimized with the Yoast SEO plugin v26.3 - https:\/\/yoast.com\/wordpress\/plugins\/seo\/ -->\n<title>- weradiology.com<\/title>\n<meta name=\"robots\" content=\"index, follow, max-snippet:-1, max-image-preview:large, max-video-preview:-1\" \/>\n<link rel=\"canonical\" href=\"https:\/\/weradiology.com\/index.php\/pagina-ejemplo\/\" \/>\n<meta property=\"og:locale\" content=\"en_US\" \/>\n<meta property=\"og:type\" content=\"article\" \/>\n<meta property=\"og:title\" content=\"- weradiology.com\" \/>\n<meta property=\"og:description\" content=\"Misi\u00f3n Unir a los m\u00e9dicos especialistas en diagn\u00f3stico por im\u00e1genes con las instituciones-empresas m\u00e9dicas a trav\u00e9s de una plataforma digital, creando oportunidades laborales-cient\u00edficas, facilitando la productividad las 24 hs del d\u00eda, creando una sociedad radiol\u00f3gica virtual. Misi\u00f3n Unir a los m\u00e9dicos especialistas en diagn\u00f3stico por im\u00e1genes con las instituciones-empresas m\u00e9dicas a trav\u00e9s de una plataforma [&hellip;]\" \/>\n<meta property=\"og:url\" content=\"https:\/\/weradiology.com\/index.php\/pagina-ejemplo\/\" \/>\n<meta property=\"og:site_name\" content=\"weradiology.com\" \/>\n<meta property=\"article:modified_time\" content=\"2024-09-30T14:15:24+00:00\" \/>\n<meta property=\"og:image\" content=\"http:\/\/weradiology.com\/wp-content\/uploads\/2024\/09\/Capa_1-2.png\" \/>\n<meta name=\"twitter:card\" content=\"summary_large_image\" \/>\n<meta name=\"twitter:label1\" content=\"Est. reading time\" \/>\n\t<meta name=\"twitter:data1\" content=\"2 minutes\" \/>\n<script type=\"application\/ld+json\" class=\"yoast-schema-graph\">{\"@context\":\"https:\/\/schema.org\",\"@graph\":[{\"@type\":\"WebPage\",\"@id\":\"https:\/\/weradiology.com\/index.php\/pagina-ejemplo\/\",\"url\":\"https:\/\/weradiology.com\/index.php\/pagina-ejemplo\/\",\"name\":\"- weradiology.com\",\"isPartOf\":{\"@id\":\"https:\/\/weradiology.com\/#website\"},\"primaryImageOfPage\":{\"@id\":\"https:\/\/weradiology.com\/index.php\/pagina-ejemplo\/#primaryimage\"},\"image\":{\"@id\":\"https:\/\/weradiology.com\/index.php\/pagina-ejemplo\/#primaryimage\"},\"thumbnailUrl\":\"http:\/\/weradiology.com\/wp-content\/uploads\/2024\/09\/Capa_1-2.png\",\"datePublished\":\"2023-09-22T14:01:46+00:00\",\"dateModified\":\"2024-09-30T14:15:24+00:00\",\"inLanguage\":\"en-US\",\"potentialAction\":[{\"@type\":\"ReadAction\",\"target\":[\"https:\/\/weradiology.com\/index.php\/pagina-ejemplo\/\"]}]},{\"@type\":\"ImageObject\",\"inLanguage\":\"en-US\",\"@id\":\"https:\/\/weradiology.com\/index.php\/pagina-ejemplo\/#primaryimage\",\"url\":\"https:\/\/weradiology.com\/wp-content\/uploads\/2024\/09\/Capa_1-2.png\",\"contentUrl\":\"https:\/\/weradiology.com\/wp-content\/uploads\/2024\/09\/Capa_1-2.png\",\"width\":858,\"height\":567},{\"@type\":\"WebSite\",\"@id\":\"https:\/\/weradiology.com\/#website\",\"url\":\"https:\/\/weradiology.com\/\",\"name\":\"weradiology.com\",\"description\":\"\",\"publisher\":{\"@id\":\"https:\/\/weradiology.com\/#organization\"},\"potentialAction\":[{\"@type\":\"SearchAction\",\"target\":{\"@type\":\"EntryPoint\",\"urlTemplate\":\"https:\/\/weradiology.com\/?s={search_term_string}\"},\"query-input\":{\"@type\":\"PropertyValueSpecification\",\"valueRequired\":true,\"valueName\":\"search_term_string\"}}],\"inLanguage\":\"en-US\"},{\"@type\":\"Organization\",\"@id\":\"https:\/\/weradiology.com\/#organization\",\"name\":\"weradiology\",\"url\":\"https:\/\/weradiology.com\/\",\"logo\":{\"@type\":\"ImageObject\",\"inLanguage\":\"en-US\",\"@id\":\"https:\/\/weradiology.com\/#\/schema\/logo\/image\/\",\"url\":\"https:\/\/weradiology.com\/wp-content\/uploads\/2023\/09\/weradiology.png\",\"contentUrl\":\"https:\/\/weradiology.com\/wp-content\/uploads\/2023\/09\/weradiology.png\",\"width\":884,\"height\":397,\"caption\":\"weradiology\"},\"image\":{\"@id\":\"https:\/\/weradiology.com\/#\/schema\/logo\/image\/\"}}]}<\/script>\n<!-- \/ Yoast SEO plugin. -->","yoast_head_json":{"title":"- weradiology.com","robots":{"index":"index","follow":"follow","max-snippet":"max-snippet:-1","max-image-preview":"max-image-preview:large","max-video-preview":"max-video-preview:-1"},"canonical":"https:\/\/weradiology.com\/index.php\/pagina-ejemplo\/","og_locale":"en_US","og_type":"article","og_title":"- weradiology.com","og_description":"Misi\u00f3n Unir a los m\u00e9dicos especialistas en diagn\u00f3stico por im\u00e1genes con las instituciones-empresas m\u00e9dicas a trav\u00e9s de una plataforma digital, creando oportunidades laborales-cient\u00edficas, facilitando la productividad las 24 hs del d\u00eda, creando una sociedad radiol\u00f3gica virtual. Misi\u00f3n Unir a los m\u00e9dicos especialistas en diagn\u00f3stico por im\u00e1genes con las instituciones-empresas m\u00e9dicas a trav\u00e9s de una plataforma [&hellip;]","og_url":"https:\/\/weradiology.com\/index.php\/pagina-ejemplo\/","og_site_name":"weradiology.com","article_modified_time":"2024-09-30T14:15:24+00:00","og_image":[{"url":"http:\/\/weradiology.com\/wp-content\/uploads\/2024\/09\/Capa_1-2.png","type":"","width":"","height":""}],"twitter_card":"summary_large_image","twitter_misc":{"Est. reading time":"2 minutes"},"schema":{"@context":"https:\/\/schema.org","@graph":[{"@type":"WebPage","@id":"https:\/\/weradiology.com\/index.php\/pagina-ejemplo\/","url":"https:\/\/weradiology.com\/index.php\/pagina-ejemplo\/","name":"- weradiology.com","isPartOf":{"@id":"https:\/\/weradiology.com\/#website"},"primaryImageOfPage":{"@id":"https:\/\/weradiology.com\/index.php\/pagina-ejemplo\/#primaryimage"},"image":{"@id":"https:\/\/weradiology.com\/index.php\/pagina-ejemplo\/#primaryimage"},"thumbnailUrl":"http:\/\/weradiology.com\/wp-content\/uploads\/2024\/09\/Capa_1-2.png","datePublished":"2023-09-22T14:01:46+00:00","dateModified":"2024-09-30T14:15:24+00:00","inLanguage":"en-US","potentialAction":[{"@type":"ReadAction","target":["https:\/\/weradiology.com\/index.php\/pagina-ejemplo\/"]}]},{"@type":"ImageObject","inLanguage":"en-US","@id":"https:\/\/weradiology.com\/index.php\/pagina-ejemplo\/#primaryimage","url":"https:\/\/weradiology.com\/wp-content\/uploads\/2024\/09\/Capa_1-2.png","contentUrl":"https:\/\/weradiology.com\/wp-content\/uploads\/2024\/09\/Capa_1-2.png","width":858,"height":567},{"@type":"WebSite","@id":"https:\/\/weradiology.com\/#website","url":"https:\/\/weradiology.com\/","name":"weradiology.com","description":"","publisher":{"@id":"https:\/\/weradiology.com\/#organization"},"potentialAction":[{"@type":"SearchAction","target":{"@type":"EntryPoint","urlTemplate":"https:\/\/weradiology.com\/?s={search_term_string}"},"query-input":{"@type":"PropertyValueSpecification","valueRequired":true,"valueName":"search_term_string"}}],"inLanguage":"en-US"},{"@type":"Organization","@id":"https:\/\/weradiology.com\/#organization","name":"weradiology","url":"https:\/\/weradiology.com\/","logo":{"@type":"ImageObject","inLanguage":"en-US","@id":"https:\/\/weradiology.com\/#\/schema\/logo\/image\/","url":"https:\/\/weradiology.com\/wp-content\/uploads\/2023\/09\/weradiology.png","contentUrl":"https:\/\/weradiology.com\/wp-content\/uploads\/2023\/09\/weradiology.png","width":884,"height":397,"caption":"weradiology"},"image":{"@id":"https:\/\/weradiology.com\/#\/schema\/logo\/image\/"}}]}},"_links":{"self":[{"href":"https:\/\/weradiology.com\/index.php\/wp-json\/wp\/v2\/pages\/2","targetHints":{"allow":["GET"]}}],"collection":[{"href":"https:\/\/weradiology.com\/index.php\/wp-json\/wp\/v2\/pages"}],"about":[{"href":"https:\/\/weradiology.com\/index.php\/wp-json\/wp\/v2\/types\/page"}],"author":[{"embeddable":true,"href":"https:\/\/weradiology.com\/index.php\/wp-json\/wp\/v2\/users\/6"}],"replies":[{"embeddable":true,"href":"https:\/\/weradiology.com\/index.php\/wp-json\/wp\/v2\/comments?post=2"}],"version-history":[{"count":181,"href":"https:\/\/weradiology.com\/index.php\/wp-json\/wp\/v2\/pages\/2\/revisions"}],"predecessor-version":[{"id":2185,"href":"https:\/\/weradiology.com\/index.php\/wp-json\/wp\/v2\/pages\/2\/revisions\/2185"}],"wp:attachment":[{"href":"https:\/\/weradiology.com\/index.php\/wp-json\/wp\/v2\/media?parent=2"}],"curies":[{"name":"wp","href":"https:\/\/api.w.org\/{rel}","templated":true}]}}